of -w**4/6 + w**3/3 + w**2. Give h(-2).
10
Let v(i) = 2*i**2 - 5*i + 3. Let t be v(3). Let l be (-7)/(-3) - (-4)/t. Let x(o) = 2*o**3 + 0*o**3 + o - 3*o**l - o**2. Determine x(1).
-1
Let r(q) = -q**3 + 2*q**2 - q + 1. Let k = 82 + -80. Calculate r(k).
-1
Let o(m) be the second derivative of -3*m**2 + 0 - 5/12*m**4 - m**3 - 1/20*m**5 - m. Calculate o(-4).
2
Let d(a) = -a - 2. Suppose 3*h - 16 = f, -16 = -4*h - 2*f - 2*f. Let q(z) = 2*z**2 - z - 6. Let o be q(3). Suppose h*j = 2*j - o. What is d(j)?
1
Let r(a) = -a - 1. Let o(q) = 4*q + 6. Let i(c) = -o(c) - 6*r(c). Let s be i(2). Let j(z) = -s - z + z - z. Determine j(-5).
1
Let w(a) be the second derivative of a**6/360 + a**5/40 - a**4/12 - a**3/6 + 5*a. Let x(c) be the second derivative of w(c). What is x(2)?
8
Suppose 4*x - 22 + 2 = 0. Let k = x + -4. Let b = -1 + k. Let z(v) = -v**2 - v - 3. Calculate z(b).
-3
Let z(d) = d**3 + 3*d**2 + 3*d + 4. Suppose 0 = -4*f + 5*u - 27, u = -4*f + f - 6. What is z(f)?
-5
Let r(c) be the second derivative of -c**3/3 - c. Let x(q) = 17*q + 35. Let j(o) = -4*o - 9. Let d(s) = -9*j(s) - 2*x(s). Let h be d(-8). Calculate r(h).
10
Let v = -2 - -4. Suppose -v*w = -7*w. Let h(y) = y**2 - y + 5. Determine h(w).
5
Let d be ((-6)/4)/((-2)/4). Let u(o) = -3*o - 135 - 141 + 272 + 2*o**2. Calculate u(d).
5
Let t(y) be the third derivative of y**6/120 + 7*y**5/60 + y**4/3 + 7*y**3/6 - 9*y**2 - 1. Suppose -5*q - 7 = 2*n + 13, -3*q + 2*n = 28. Give t(q).
-5
Let l be -2 + 3/12*0. Let f(a) be the first derivative of -2*a**3/3 - 2*a - 3. Determine f(l).
-10
Let f be (2/4)/((-2)/(-20)). Suppose 2*h - f*h = -6. Let y(b) = 4*b + 0*b**3 + b**3 - 6*b**2 + b**h + 1. Determine y(4).
1
Let o(x) = x**3 + 5*x**2 + 6*x + 3. Let k be -3*26/21 - (-2)/(-7). Determine o(k).
-5
Let u = -83 + 79. Let f(y) = y**3 + 5*y**2 + 2. Give f(u).
18
Let z(g) = -g. Let r(c) = -10*c - 1. Let t(j) = -5*j - 1. Let w(u) = 2*r(u) - 5*t(u). Let q(l) = -w(l) - 3*z(l). Determine q(-5).
7
Let a(f) = 2*f**3 + 2*f**2 + 2*f + 1. Suppose -5*x + 4*k - 3 = 12, -20 = -4*k. Suppose 3*p - x = -4. What is a(p)?
-1
Let w be (1 - -1)*(-4)/(-4)*2. Let f(i) = -i**3 + 3*i**2 + 6*i - 6. Calculate f(w).
2
Let r(q) be the second derivative of -q**4/3 + q**3 + q**2/2 - 4*q. Let i(g) = 9*g**2 - 13*g - 2. Let s(z) = 3*i(z) + 7*r(z). Determine s(5).
-9
Suppose 2*u - 3 = -1. Suppose -u = -5*p + 4. Let l = 3 + p. Let n(k) = -k**2 + 7*k - 5. Calculate n(l).
7
Let q = 3 + -2. Let h(s) = s**3 + s**2 + s - 3. Let y be h(0). Let c(p) = 3*p**2. Let m(i) = -2*i**2. Let z(x) = y*m(x) - c(x). What is z(q)?
3
Let m(t) = -t. Let r(a) = 2*a**3 + 3*a**2 - 4*a. Let g be r(-3). Let j = g - -21. Suppose -3*p + p = j. Give m(p).
3
Suppose 7*l = 9*l. Let v(p) = p**2 + p. Let h be v(l). Let c(g) = g + 11. What is c(h)?
11
Suppose i - 3*i - 2*h = 2, 0 = -4*h - 8. Let k(u) = 3*u**3 - 2*u**2 + u. What is k(i)?
2
Suppose 10 = 2*m - 2. Let t(n) = 117*n - 348*n + 116*n + 1 + 114*n. What is t(m)?
-5
Let j(w) = w. Let x = -6 - -8. Calculate j(x).
2
Let r(u) = -u**2 - 3*u + 7. Let y be 12*((-21)/(-7) + (-7)/2). Calculate r(y).
-11
Let b(t) = -3*t - 3*t**2 - 5 + 0*t + 4*t**2. Let n(w) = w**2 - 4*w + 5. Let l = -10 + 14. Let h be n(l). Determine b(h).
5
Let j = -2 + -2. Let q = 1 + j. Let u(s) = -s + 2. Determine u(q).
5
Let a(t) = -t**3 + t + 1. Let k(n) = -4*n**3 + n**2 + 3*n + 3. Let z(u) = -3*a(u) + k(u). What is z(-1)?
2
Let t(q) = -11 + 3*q + q**2 + q**3 + 11 - 2*q. Give t(0).
0
Let z(n) = 5*n**2 + 2*n + 1. Let t = -21 + 20. Calculate z(t).
4
Let v(o) = -19*o + 8*o + 10*o. Calculate v(3).
-3
Let q(g) = -2*g - 4. Let i = 7 - 5. Let p be (-6)/4*(-8)/6. Let r be p/(3/2 - i). Calculate q(r).
4
Let d(t) = t + 4. Let w(y) = y + 2. Let o(a) = -a - 5. Let c(h) = -3*o(h) - 5*w(h). Suppose 0 = -11*f + 3*f + 32. Let l be c(f). Calculate d(l).
1
Let m(j) = -j**2 - 16. Let g = 24 - 24. Give m(g).
-16
Suppose 0*t - 35 = 5*t. Let s = t - -11. Let h(q) = -q**3 + 3*q**2 + 3*q + 2. What is h(s)?
-2
Let l(w) = -11*w**3 + w**2 + w - 1. Let n = 137 - 136. Calculate l(n).
-10
Suppose 2*t - 6 = 2*o + 24, 5*o = -3*t - 75. Let d be 4*(o/(-4) + 1). Suppose 4*a = 5*m - d, 3*m + 0 - 4 = -5*a. Let f(s) = 10*s**3 + 2*s + 1. Calculate f(a).
-11
Let j(b) = -b**2 - 9*b + 11. Let r = 92 - 101. Determine j(r).
11
Let q be 2/5 - 86/(-10). Suppose -3*o + 0*o = -q. Suppose 0*d + 2*d - 3*t - 5 = 0, -t - o = -d. Let i(c) = c**3 - 4*c**2 + 2*c - 1. Determine i(d).
7
Let m(p) = p**2 + 8*p + 8. Let v be m(-6). Let o(u) = 3*u - 6 - 2*u**2 - 2*u**2 - 7*u - u**3. Give o(v).
10
Suppose 6*i = 2*i. Suppose i*c - 2*c - 4 = 0. Let o(b) = -4 + 5 + b**3 + 1 - b. What is o(c)?
-4
Let d = -5 - -10. Let x(o) = -4*o + 0*o + o + o**2 - o. Give x(d).
5
Let i(s) be the third derivative of s**4/24 - s**3/3 - 3*s**2. Give i(8).
6
Let a(x) be the second derivative of -2*x - 1/12*x**4 - 2/3*x**3 + 0 + 2*x**2. Calculate a(-4).
4
Let u(o) = o - 2. Let b be u(6). Let c(j) = -b*j**3 + 3*j**3 + 2 + j**2 - 3. Give c(2).
-5
Suppose -q + 0*q = 0. Suppose -2 = -g - q. Let y(i) = i + i - g*i + 7 - i. What is y(0)?
7
Let w(g) = g**3 + 7*g**2 + 7*g - 3. Let t be w(-6). Let p be -8*(t/6 - -1). Let z(a) = -4*a - 1 + p*a - a - 3*a**3. Give z(-1).
3
Let v(l) be the third derivative of l**5/60 + l**4/24 + l**3/2 - 7*l**2. Give v(0).
3
Let g(w) = w**3 + 8*w**2 + 5*w - 12. Let f be g(-7). Let y(u) be the first derivative of -u + 1/3*u**3 + 5/2*u**f + 1. Calculate y(-5).
-1
Let s(d) = 0 - 5*d**2 + 0*d**2 + 2*d + 6. Let w = -2 - -13. Let b(j) = 14*j**2 - 6*j - 17. Let i(p) = w*s(p) + 4*b(p). What is i(4)?
6
Let i(y) = 3*y - 1. Suppose -18 = -5*z + 2*z. Let d(b) = 8*b - 3. Let g(n) = z*d(n) - 17*i(n). Let q(o) = o**3 + o**2 - 2*o - 1. Let p be q(-1). Give g(p).
-4
Suppose 4*b - 16 = 0, 3*j - 4*b + 36 = 5*j. Let q(m) = -m**3 + 11*m**2 - 10*m - 8. What is q(j)?
-8
Let d(p) be the first derivative of 1 + 1/4*p**4 + 5/2*p**2 - 2*p**3 + 4*p. Determine d(4).
-8
Let g(f) be the first derivative of f**4/4 + 10*f**3/3 - 2*f - 14. Determine g(-10).
-2
Let r(o) = -o**2 - 7*o + 5. Suppose 0*s - 3*s + 9 = 0. Suppose p + s*q + 2 + 16 = 0, 4*p = 2*q - 16. What is r(p)?
11
Let v(q) = -2*q + 1. Suppose -2*k = -5*k + 24. Let p be -10 - -8 - k/(-2). Suppose -p*b = 3*b - 20. Determine v(b).
-7
Let j(q) = q**3 - 6*q**2 - 8*q + 2. Suppose 2*o = 6*o - 28. Calculate j(o).
-5
Let o(l) = -l**3 + 9*l - 5. Let q be o(-3). Let n(p) = -p**2 - 2*p + 7. Give n(q).
-8
Let q be -1 + 0 - -2 - -2. Suppose -5*m + q*r - 20 = 0, 12 + 10 = -2*m + 4*r. Let v(j) = 1. Let w(b) = 2*b + 5. Let i(a) = -6*v(a) + w(a). What is i(m)?
-3
Let r(p) = -3*p + 5 - 4 - 1. Let f(g) = 2*g + 6. Let z be f(-5). Let i = -6 - z. Give r(i).
6
Let p(n) = -n**3 - 3*n**2 + 3*n - 3. Suppose -y = z + 8, -z - 20 - 4 = 5*y. What is p(y)?
1
Let g(z) = z**3 + 4*z**2 - 5*z + 2. Let q be -1*(1 - 4*-1). Let m be g(q). Let w(r) = 0*r - 2*r**2 + 3*r**m - 5*r - 5. Give w(4).
-9
Suppose -g + 4*s - 5 = 0, g + 6*s = s - 5. Let q(n) = n**3 + 6*n**2 + 5*n + 5. Let l be q(g). Let c(o) = 1 + 4*o - l + o**2 + 8. What is c(-4)?
4
Let t(v) = v - 3*v + 5*v - 2*v + 6. What is t(-5)?
1
Let a(t) = -t**3 - 2*t**2 + 3*t - 4. Let k be 2/(-9) + (-25)/9. Let y be a(k). Let w(d) = d + 9. Calculate w(y).
5
Let c(a) = 7*a + 17. Let h(k) = 20*k + 50. Let z(o) = 17*c(o) - 6*h(o). Calculate z(-5).
-6
Let o(t) = -t - 2. Let z be (12/(-21))/(4/(-14)). Suppose 6 = 2*k - z*j - 0, -30 = 5*k + 4*j. What is o(k)?
0
Let b(w) be the first derivative of w**2/2 + 4*w - 2. Calculate b(-3).
1
Let j(g) = g**2 - 5*g - 2. Suppose 3*q = -2*w + 21, -12 = -w - 4*q + 6. Give j(w).
4
Let c(i) be the second derivative of 0 + 4*i**2 - i + 1/12*i**4 - 3/2*i**3. Give c(6).
-10
Let o = -8 - -15. Let u(f) = 3*f**3 - 1 - 2*f**3 - f**2 + f + o*f**2 - f**2. What is u(-5)?
-6
Let u = 22 + -20. Let d(q) = u + 327*q + 2*q**2 + q**2 - 325*q - q**3. Calculate d(4).
-6
Let a(v) = 2*v**2 + 2*v - 1. Let y be a(1). Suppose -y*h = -0*h. Suppose h = -2*m - 2*m - 8. Let g(b) = -b**2 - b. Determine g(m).
-2
Suppose 0 = 4*o - 7*o + 5*a - 37, 5*a = -4*o + 9. Let r be (-2)/6*3*o. Let j(c) = 2 + 2 - 1 - 3*c. What is j(r)?
-9
Let g(m) = m**2 - 9*m - 4. Let c(h) = h. Let d(y) = -3*y - 1. Let l(i) = -2*c(i) - d(i). Let t(w) = -g(w) - 3*l(w). Give t(7).
-6
Suppose -25 = -2*l - 5*d, l - 